-8
Let x be 2/4 + (-34)/4. Let q(f) be the third derivative of 7*f**4/24 + f**3/2 + 527*f**2. Calculate q(x).
-53
Let l(o) = -2*o**2 - 1 + 3 + o - 2 - 1. Let j = -262 - 58. Let i = j - -318. Calculate l(i).
-11
Let y(d) = -d**3 - 2*d**2 - d. Let q(p) = 2*p. Let c be q(1). Suppose -2*v - c*v + 12 = 0. Suppose -4*j + v*a = -a - 12, -j - 27 = 5*a. Give y(j).
2
Let v(o) = 2*o**2 + 1. Let z(w) = -2*w**2 + w - 1. Let m(y) = -3*v(y) - 4*z(y). Let u = 297 - 290. Suppose -48 = -u*f - 27. Give m(f).
7
Let z(y) = 5*y - 14. Let d be z(16). Suppose 4*o = 10*o - d. Let i = o + -7. Let n(x) = x - 5. Calculate n(i).
-1
Let r(x) = 6*x**2 - 12*x + 3. Let a(u) = 3*u**2 - 91*u + 4. Let s be a(0). Determine r(s).
51
Let w(a) = -183*a**2 - 47*a + 1949 - 1983 + 180*a**2. Determine w(-15).
-4
Let b = -864 + 519. Let y = b + 352. Let i(s) = -s**3 + 7*s**2 - 1. Give i(y).
-1
Let m(x) = 239 - 41 - 175 - 5*x. Give m(6).
-7
Suppose 19*f - 1 = k + 17*f, -2*f = -6. Let z(c) = 2*c**3 - k*c - 3*c**3 - 6*c**2 - 7*c**2 + 8*c**2 - 1. Calculate z(-4).
3
Let v(z) be the first derivative of -3*z**3 + 4*z + 1/4*z**4 - 3 + 0*z**2. Calculate v(9).
4
Let x(i) = 32*i + 192. Suppose 44*o = 306 - 175 - 395. Calculate x(o).
0
Let i = 17 - 3. Let w = i - -13. Let q = 23 - w. Let h(y) = -y - 3. Calculate h(q).
1
Let h(p) be the second derivative of p**4/12 + 2*p**3/3 + p**2 + 2*p. Let v = 37 + -22. Suppose s + 5 = 4*k + 25, -3*k - v = -3*s. What is h(k)?
7
Let m(t) = -t + 2. Suppose 3*p - h + 52 = 0, -h - 74 = 7*p - 3*p. Let k be (63/p - -6)*4/(-2). Determine m(k).
7
Let m be (((-235)/(-188))/((-10)/(-16)))/((-4)/(-98)). Let o(i) = -5*i**2 + 245*i - 2. Determine o(m).
-2
Let s(c) be the third derivative of -47*c**4/24 + 7*c**3/6 + 16*c**2 + 11*c. What is s(2)?
-87
Let l(n) be the first derivative of n**4/4 - n**3/3 - 3*n**2 - 2949. Give l(3).
0
Suppose -3*k = -46 + 28. Let r be (-4)/3*k/4. Let n(v) = -5*v**2 - 5*v - 1. Let a(m) = -14*m**2 - 14*m - 3. Let g(y) = 6*a(y) - 17*n(y). Give g(r).
1
Let r(p) = -12*p + 17. Suppose -3*l = 4*l + 14. Let k be (1/l - -2)*4/3. Let h be r(k). Let n(a) = -a - 11. What is n(h)?
-4
Let r(l) = 9 + 5*l**3 - 4*l**2 - 6 + 894*l - 448*l - 444*l. Determine r(2).
31
Let n(l) be the second derivative of -l**5/20 - l**4/3 + l**3 + 5*l**2/2 + 3*l. Let u = -2 + -1. Let q be (2 + u + -9)/2. Determine n(q).
0
Suppose -251 - 156 - 373 = 195*p. Let m(a) = -5*a - 5 - a**2 - 4 + 4. Give m(p).
-1
Let z(u) = -14*u - 2*u**2 + u**3 - 5 + 21 + 15*u**2. Let g(i) = -6*i**2 - 341*i - 3004. Let s be g(-46). Calculate z(s).
16
Let t(n) = -n**2 + 1. Suppose 2*a = -3*a + 25. Let g(k) = 4*k + 6*k**2 - 20*k - 10 + 18*k. Let q(j) = a*t(j) + g(j). Give q(-5).
10
Let m(r) = 2*r**2 + 56*r + 61. Let l be m(-27). Let g(p) = -7*p - 13*p**2 + l*p**2 - 7 + 3*p**2 + 2*p**2. What is g(-7)?
-7
Let y(f) = f**3 - f**2 + 2*f - 6. Let w be y(2). Let n(m) = -22*m**2 - 3*m**3 + 13*m**2 + 14*m**2 + 5 - 3*m + w*m**3 + 7*m. Suppose k = 4*k - 18. Give n(k).
-7
Let r be 51/(((-3)/(-12))/((-9)/(-36))). Let n(q) = -25*q**3 + r*q**3 - 25*q**3 + 1 - 3. What is n(0)?
-2
Let s = 4892 + -4900. Let b(z) = -11 + 6*z - z**2 + 2*z**2 + 3*z**2 - 3*z**2. Calculate b(s).
5
Suppose 176 = -4*k - 2*z + 194, 0 = -2*z - 2. Let c(d) = d**2 + 6*d - 46. Calculate c(k).
9
Let n be (-7)/(-2) + 14/28. Suppose -2*h + 2*q + 10 = -n, 2*q = -8. Let c(l) be the first derivative of l**3/3 - 7*l**2/2 + 2*l - 2. What is c(h)?
-10
Let w(t) = -48065*t**2 + 6 + 3*t + 96158*t**2 - 48092*t**2. Let v be 1 + 1*-5 + -1. What is w(v)?
16
Suppose -g = -184*b + 185*b, 0 = -3*b - 12. Let p(o) = -o**3 + 2*o**2 + 9*o - 3. What is p(g)?
1
Let s(w) = -w**3 - 2*w**2 + 3*w + 1. Let v(x) = -4*x**3 - 10*x**2 - x - 6. Let q(z) = 3*s(z) - v(z). Calculate q(-2).
-3
Let f(v) be the second derivative of -13*v**3/2 + 21*v**2 + 44*v + 5. Determine f(2).
-36
Let t(i) = 9*i + 23. Suppose 0 = -5*m + 2*j - 20, -2*m - 5*j + 15 = -6. Calculate t(m).
5
Let g(c) = -10*c - 1. Suppose 5*v - 50 = -5*z, 2*v + 3*z - 21 = -0*v. Let j(d) = -17 + v*d + d + 18. Let r(m) = 5*g(m) + 4*j(m). Give r(-1).
9
Suppose -2*x - 3*t = 9, -4*x + t = -2*t + 27. Let f(y) be the first derivative of -1/4*y**4 - 8*y + 10 - 2*y**3 - 1/2*y**2. Determine f(x).
-2
Let f = -4304 + 4306. Let c(v) = 11*v - 10. Determine c(f).
12
Let j = 17 - -22. Let g(z) = -z - j*z**2 - 3 + 17*z**2 + 3*z**2 + 2. What is g(-1)?
-19
Let o = -174 + 177. Let y(m) = 6*m**2 + 3*m - 6. Calculate y(o).
57
Let x(d) = 53588*d - 107185*d - 3*d**2 - 2*d**3 + 53592*d. Give x(-2).
14
Let u be (-3)/(118/(-220) - 14/(-35)). Let d be (-10)/(-20) - u/4. Let a(x) = x**2 + 8*x + 9. Calculate a(d).
-6
Let k(w) = w**3 + 10*w**2 - 2*w - 8. Let l be ((-315)/(-140))/(2/8). Let r be 0 - (-9)/(-3) - (l + -2). Give k(r).
12
Let b(i) be the third derivative of i**6/120 - 11*i**5/60 - 13*i**4/24 + 4*i**3/3 + 2*i**2 + 51*i. What is b(12)?
-4
Let x(j) = -2*j + 102 - 184 + 112. Calculate x(10).
10
Let r(v) = -46*v + 3787. Let i be r(82). Let y(s) = s**2 - 13*s + 8. Give y(i).
38
Let f(c) be the second derivative of -c**5/40 + 5*c**4/24 + 65*c**3/2 - c**2/2 + 2*c + 42. Let d(z) be the second derivative of f(z). Give d(5).
-10
Let f(j) = -j**3 + 2*j + 11. Let a be f(0). Let b(i) = -i**3 + 9*i**2 + 17*i - 13. What is b(a)?
-68
Let v(h) be the second derivative of h**4/12 - 13*h**3/3 + 31*h**2/2 - 1579*h. Determine v(25).
6
Suppose -24 = 7*y - 38. Let x(n) = -y + 5*n - 4*n - 2. Give x(-9).
-13
Let q(c) = c**2 - 4*c - 48. Let f(v) = -21*v - 390. Let d be f(-19). What is q(d)?
-3
Let d(b) = -4*b - 20. Let n(c) = -c**2 + 30*c - 221. Let y be n(12). Determine d(y).
0
Let d(g) = g**3 - 18*g**2 - 3. Let r = -7179 + 7197. Calculate d(r).
-3
Let c(n) = -n**2 + n + 2. Suppose 0 = 4*f - 4*i + 6*i - 2, 0 = f + i - 3. Let u(a) = a**2 + 2*a + 2. Let k be u(f). Determine c(k).
0
Suppose w + w = 8. Suppose 0 = 65*r - 74*r. Suppose r = 3*l - w*l. Let i(u) = u + 1. What is i(l)?
1
Let g(k) = -45 + 789*k**2 - 2354*k**2 - 7*k + 781*k**2 + 785*k**2. Determine g(9).
-27
Suppose -3*n + 3*q = -7 + 46, -5*n = 4*q + 2. Let z(u) = -3*u**2 - 24*u - 22. Calculate z(n).
14
Let v(s) be the third derivative of -1/60*s**5 - 1/24*s**4 + 0 + 1/20*s**6 + s + 1/6*s**3 + 2*s**2. Give v(1).
5
Let x = -8 - -6. Let f(j) be the first derivative of j**5/60 - j**4/24 + j**3/3 - 13*j**2 + 41. Let k(m) be the second derivative of f(m). Give k(x).
8
Let n be 61/(-7) - (-28)/(-98). Let u be ((-130)/15)/((-4)/6). Let r = n + u. Let z(b) = b - 1. Give z(r).
3
Suppose -13*v + 34*v - 84 = 0. Suppose -31 = -5*l - 5*h - 6, 0 = v*l - 2*h - 14. Let r(g) = -3*g - 4. Calculate r(l).
-16
Let j(o) = -6*o**2 + 13*o**2 + 1 + 7*o + 3*o**3 - 2*o**3. Let b be j(-6). Let h(s) = 255*s**3 + 254*s**3 - 5 + 5*s**2 + 257*s**3 - 765*s**3. Calculate h(b).
-5
Let v(n) = -2*n - 24. Suppose -11*u - 5*a = -10*u + 23, 4 = u - 4*a. Calculate v(u).
-8
Let r(o) = -25*o + 1431. Let l be r(57). Let n(q) = q - 14. Calculate n(l).
-8
Let b = -1435 - -1440. Let n = 10 - 8. Let u(v) = v - 3*v**2 + 3 - 2*v**n + 1 + v**3. Calculate u(b).
9
Let g(j) = j**3 + 18*j**2 + 28*j - 15. Suppose 91*r = -19532 + 18076. Give g(r).
49
Let r(w) = -7*w**2 + 65*w + 331. Let i be r(13). Let z(v) = 3 - 8*v**2 - 2*v**3 - 7*v + v**3 - 7. What is z(i)?
-4
Let u(c) = -1 + 19*c**2 - 1 - 5*c - 15*c**2 + 8 - 5*c**3. Give u(2).
-28
Let b be (-24)/10 + (7/5 - 1). Let c(l) = 3*l. Let p(t) = -t - 5. Let r be p(-9). Let f(z) = z. Let u(m) = r*f(m) - 4*c(m). Give u(b).
16
Let f(b) = -2*b + 3. Suppose v + 0 = -d + 4, -5*v - 4 = -d. Suppose 8*z - 8 = -o + 3*z, -4*z = -d*o + 32. Suppose 4*t = 8 + o. Determine f(t).
-5
Let u(s) = 2 + s - s**2 + 2 - 5. Let i(a) = -2*a**2 + 6*a + 8*a + a**3 + 4 - 2*a - 10*a. Let c(y) = -i(y) + 3*u(y). Determine c(0).
-7
Suppose -3*u + 5 = 5*n + 2, 0 = 2*n - 5*u - 26. Let q(g) = 2*g + 3. Let t(s) = 10*s + 14. Let f(r) = -14*q(r) + 3*t(r). Determine f(n).
6
Suppose 17 = 4*v + 1. Suppose -3*r = -f + 553 - 2224, 2*f = -2*r + 1114. Let m(w) = r*w**2 - 5*w**3 + 4*w**3 - 553*w**2 + 1 + w. Determine m(v).
5
Let c(x) = -53 + 5*x - 10*x - 18*x - 48 + 99. Calculate c(-2).
44
Let i(h) = -10*h**2 - 4*h - 58 - 118*h**3 + 119*h**3 + 34. What is i(9)?
-141
Let r(v) = 154*v - 36. Let l(s) = 240*s - 36. Let z(w) = 2*l(w) - 3*r(w). What is z(-2)?
0
Let z(y) = -3*y - 